r of p and 196.
28
Suppose -56*p - 1019 = -2*w - 53*p, -1518 = -3*w + p. Calculate the highest common factor of 707 and w.
101
Let h(z) = -117*z - 2204. Let u be h(-19). Calculate the highest common factor of u and 4009.
19
Suppose -192476 + 43994 = -18*y. What is the greatest common factor of 146 and y?
73
Let b = 12891 - 12884. Calculate the highest common divisor of b and 1057.
7
Suppose -3*j = 15, -b + 3*j + 35 = 3*b. Suppose -2*s - 3*a + b = -4*s, s - 3*a = -7. What is the greatest common factor of s and 74?
2
Suppose 5*k = 66 + 429. Suppose -4*o + 8 + 4 = 0. Suppose o*q - 3*a - 21 = 0, -5*q + 0*a = -3*a - 39. Calculate the highest common divisor of q and k.
9
Suppose -8787*j - 10836 = -8794*j. What is the greatest common factor of j and 144?
36
Let v(h) = 15*h**2 - 214*h - 880. Let c be v(-4). Calculate the highest common factor of 120 and c.
24
Let t = 139 + 77. Let x(y) = -y + 14. Let h be x(12). Suppose c - 5*w - 9 = 0, 0 = -5*c - 2*w - h*w + 132. What is the highest common factor of c and t?
24
Let q be (-5887)/(-5) - 198/(-330). Suppose 230 = 2*d - q. What is the greatest common factor of 32 and d?
32
Suppose -3759 = -103*n + 2833. What is the greatest common divisor of 12160 and n?
64
Suppose 4*q - 127 = -r + 3*q, -2*r + 269 = -3*q. Calculate the greatest common divisor of 90 and r.
10
Let n(f) = 2*f**2 - 24*f - 17. Let t be n(13). Let v be 2*t/(-6)*40/(-15). Suppose -v*j - 136 = -12*j. Calculate the greatest common factor of 272 and j.
34
Let m be -13 + 11 - (-1 - (2 + 7)). Let w be m*(8 - 117/(-36)). What is the greatest common factor of 300 and w?
30
Suppose 255 = 28*y - 837. Calculate the highest common factor of 221 and y.
13
Let c(v) = 2*v**3 - 211*v**2 + 112*v - 182. Let k be c(105). Calculate the highest common divisor of k and 869.
79
Let r = -125 - -126. Let q be 3*7*2/r. Let i(y) = -y**2 + 11*y - 4. Let x be i(9). What is the highest common factor of x and q?
14
Suppose 7680 = 5*c + 43*c. What is the greatest common divisor of c and 5920?
160
Suppose -3*h = 2*z - 0*h - 23, h + 4 = z. Let t(o) = 176*o + 10053. Let k be t(-57). Calculate the greatest common divisor of k and z.
7
Let g = -453 + 589. Let a be ((-6)/15 - 0)/(2/(-20)). Suppose 3*l = -a*l + 119. What is the highest common factor of g and l?
17
Suppose 0 = 5*t + h - 47, 0 = 3*t - 3*h + 4*h - 29. Let z be t/(-2)*-2*5. Suppose 84*i + 49*i = 1197. What is the greatest common divisor of i and z?
9
Let k(t) = 5*t**2 - 344*t + 203. Let f be k(69). Calculate the highest common factor of 32 and f.
16
Suppose -2*j - 215*g + 76 = -212*g, -4 = -2*g. Calculate the highest common factor of 235 and j.
5
Suppose 2*r + d = -2*d + 6, 3*d - 24 = -4*r. Calculate the greatest common factor of r and 486.
9
Let v(d) = 25*d**2 + 11*d + 6. Let g(o) = -2*o**2 + 79*o + 122. Let z be g(41). Let t be v(z). What is the highest common divisor of t and 28?
4
Let c(d) = -33*d + 861. Let g be c(25). Calculate the greatest common factor of g and 84.
12
Suppose -22 + 3 = -2*h - 3*c, -h - 10 = -5*c. Let z be 16/h*33/22*10. What is the greatest common divisor of 336 and z?
48
Suppose -3*o + 83 - 29 = 0. Suppose 5*i + o = 138. Suppose 0 = 2*p - i - 0. Calculate the greatest common factor of p and 108.
12
Suppose -11*t + 8*t = -5*a - 125, 4*t = -2*a + 158. Suppose -2*q - t = -10*q. What is the highest common divisor of 135 and q?
5
Let k(m) = -m + 15. Let x be k(11). Suppose 12*j - 3 = 15*j. Let i be 13 - ((-7)/14)/(j/2). Calculate the highest common factor of x and i.
4
Let i = -248 - -246. Let w be (-218)/(-4) - (3/(-2) - i). Calculate the greatest common divisor of w and 135.
27
Suppose 5*d + 8692 = 49*d + 244. What is the highest common factor of d and 800?
32
Let z be (-4648)/(-8)*(-4 + (7 - 4))*-1. What is the highest common factor of z and 249?
83
Suppose 0 = k - 69 - 30. Let n be ((-51)/12 - 0)/(4/22*592/(-4736)). What is the highest common divisor of k and n?
11
Let d = 95322 + -94961. Suppose -y - 29 = -2*f + 2*y, 15 = 5*y. Calculate the highest common factor of d and f.
19
Suppose 760*x - 753*x = 105. Suppose o - x = 5*f, 2*f + 19 + 5 = o. What is the highest common divisor of 30 and o?
30
Suppose -18*k + 478 = -1124. Suppose -3*d = r + r - k, -2*r = -5*d - 65. What is the highest common divisor of 920 and r?
40
Suppose -g + 110 - 41 = 0. What is the highest common factor of g and 161?
23
Suppose 0 = 3*t + 3*r + r - 55, -4*r = -3*t + 95. Suppose 39 - 159 = -v. Suppose 20 = -2*k + v. What is the greatest common divisor of k and t?
25
Let r be 14391/1105 + 4/(-170). Let k be (6/5)/(3/585). Calculate the greatest common factor of k and r.
13
Suppose -1995 = -5*r + 2*r. Suppose -l + 37 = 2*p, 14*l + 5*p = 11*l + 110. Calculate the greatest common divisor of r and l.
35
Let z = 7412 + -2565. Calculate the highest common factor of 74 and z.
37
Suppose 2*l = 245*c - 243*c - 7900, 2*c - 7894 = 3*l. Calculate the greatest common divisor of 115 and c.
23
Suppose 2*o - 3*r + 4*r = 12, -5*r = 0. Let b be (3 - -17)/(5/(-530)). Let g be 2/(-11) + b/(-44). What is the highest common divisor of g and o?
6
Let b = 52 + -49. Suppose 21 - b = 3*c. Calculate the greatest common divisor of 162 and c.
6
Let u(a) = -a**2 + 4*a - 27. Let k be u(0). Let n = k - -38. Suppose 0 = -n*j + 16*j - 105. Calculate the greatest common divisor of j and 21.
21
Suppose -684*k - 146896 = -106*k - 543404. Let b be -2 - -1 - (-15 - 0). What is the highest common factor of b and k?
14
Let c = -4 - -7. Suppose -b = -3*u + 572, u - 6*b - 199 = -4*b. Let a be u/14*(1 - (-2 + 1)). What is the greatest common factor of a and c?
3
Let w(n) = n**2 - 6*n - 37. Let k be w(-6). Suppose 7*t = 8*t - k. Calculate the greatest common factor of 95 and t.
5
Suppose -771*j + 4140 = -347*j - 388*j. What is the highest common divisor of 440 and j?
5
Let i = -1902 - -4926. Suppose -23*k = -39*k + i. Calculate the greatest common divisor of k and 42.
21
Suppose 0 = 2*i - 2 + 10, 2*i - 184 = -4*x. Suppose 22*v - 2160 = -28*v + 41*v. What is the highest common divisor of v and x?
48
Let f = 553 - 501. Let u(n) = n**2 + 7*n - 7. Let x be u(-14). Calculate the greatest common factor of f and x.
13
Suppose -3*u - 39 + 249 = 0. Suppose -121 = 5*c - 6*c + 3*n, -2*c = -4*n - 236. What is the highest common factor of c and u?
14
Suppose -5*i + b + 46 = 0, 0 = -4*i + b + 18 + 19. Let h(w) = -6*w**2 + 79*w - 104. Let z be h(8). Calculate the highest common divisor of i and z.
9
Let b = -4760 + 7306. What is the greatest common factor of b and 268?
134
Let c(m) = 8*m - 201. Let l be c(24). Let b be (-123 + -12)/(-5) + (l - -2). Let i be 722/9 - 2/9. What is the highest common divisor of i and b?
20
Let u(h) = -h**2 + 8*h - 1. Let z be u(7). Suppose -60 = -84*o + 79*o. What is the greatest common factor of o and z?
6
Let b(a) = a + 12. Let j be b(10). Suppose 0 = -24*z + j*z + 90. Let l be (252/30)/(-3*(-3)/z). What is the greatest common divisor of 63 and l?
21
Suppose -1 = -5*l - 3*w, 2*w = l - 1 + 6. Let z be (-388 + -6 - (1 + l))/(-2). Let b = -113 + z. Calculate the greatest common divisor of 24 and b.
12
Let g = -17 + 52. Suppose -4*r = 11 - g. Suppose 0 = 4*m + d - r, 1 = 4*m - d - 9. What is the highest common divisor of 2 and m?
2
Let x(n) = -13*n - 168. Let q be x(19). Let r = 455 + q. What is the greatest common divisor of r and 5?
5
Let a = -72 + 66. Let w(u) = -u**2 - 7*u - 5. Let t be w(a). Let g be 2/(-6) + 12/9*t. What is the highest common factor of g and 9?
1
Let z be (60/4)/((-9)/(-1740)). What is the greatest common factor of 800 and z?
100
Suppose 5*w = n + 83, -2*w + 3*n = w - 57. Let y(x) = -4*x - 5*x - 2*x + 9*x + 10. Let b be y(-7). What is the greatest common factor of w and b?
8
Suppose 2*k + 3*b = 128, -6*k = -3*k + 4*b - 189. Let r(d) = 72*d + 8. Let x be r(6). Calculate the greatest common divisor of k and x.
55
Suppose 27*i + 1638 = -12*i. Let k = -8 - i. What is the greatest common divisor of 544 and k?
34
Let c be 3 - (-1)/((-1)/2). Let z be 3185/21 + c/3. Calculate the highest common factor of 8 and z.
8
Let d(i) = 6*i + 145. Let w be d(0). Let m = 246 - w. Let x = -53 + m. Calculate the greatest common factor of x and 96.
48
Let w = -102801 - -102834. Let k(f) = -263*f + 2. Let i be k(-2). What is the highest common divisor